- (-3)/4?
8
Let m(f) = -f - 7. Let y be m(-7). Let o = 3 + y. Suppose -c = 6*c - 14. What is the remainder when o is divided by c?
1
Let m = 67 - 45. Suppose 0 = 2*y - 0 + 24. Let z = m + y. Calculate the remainder when 39 is divided by z.
9
Let y = 136 + -88. Suppose y - 253 = -5*n. Let k = -1 + 15. Calculate the remainder when n is divided by k.
13
Suppose 97*p - 102*p + 525 = 0. What is the remainder when p is divided by 27?
24
What is the remainder when (6 - (-3 + 6)) + (-62)/(-2) is divided by 20?
14
Let g(x) = -x**3 + 8*x**2 + 3*x - 10. Calculate the remainder when 180 is divided by g(8).
12
Let o(t) = -t - 4. Let h be o(-7). Let i(y) = -y**h - 6*y**2 + 29 + y + 6*y**2. What is the remainder when i(0) is divided by 15?
14
Suppose -4*k - y = 4, -3*k + 0*y = 5*y + 20. Suppose 0 = -k*c - 3*c. Suppose 0 = -c*x - x + 7. Calculate the remainder when 13 is divided by x.
6
Let k(u) = 40*u + 1. Let t(h) = h. Let j(g) = -k(g) + 2*t(g). Suppose -q + 2 + 11 = 0. What is the remainder when j(-1) is divided by q?
11
Let j(u) = -u**2 + 8*u. Let g be j(8). Suppose 10 = -2*w - g*w, -2*w + 45 = 5*r. Calculate the remainder when 43 is divided by r.
10
Suppose 3*d - 45 = -3*k, 5*k = 3*d - d - 2. What is the remainder when d is divided by 2/(-5) - 17/(-5)?
2
Let u(o) = -o**3 + o + 6. Let j(q) = 2*q. Let w be j(-1). What is the remainder when u(0) is divided by -12*(-1 + w/(-3))?
2
Let o be -14*-3*(-4)/(-12). Let y = -5 - -12. Suppose 0 = 3*v - f - y, -4*f - o + 37 = 5*v. What is the remainder when v is divided by 2?
1
Suppose -225 = i - 5*i + 5*v, 0 = 2*v + 10. What is the remainder when i is divided by 6 + 9 - 1 - 1/1?
11
Let s(z) = z + 9. Let u be s(-6). Suppose 2*d = 3*m - 93, 3*m - 2*d - 93 = u*d. Calculate the remainder when m is divided by 11.
9
Calculate the remainder when (-74 + -1)/(-6*(-6)/(-48)) is divided by 17.
15
Let f be (-2 - -2)*1/(-1). Suppose -4*m = -f*d + 2*d - 2, 4 = 5*m + d. Let j(a) = a**2 + 6*a + 10. What is the remainder when j(-3) is divided by m?
0
Suppose -10*b + 24 = -7*b. Suppose -f - 8 = -5*f. Calculate the remainder when b is divided by (-4)/f + 14/2.
3
Suppose -5*i - 32 - 8 = 0. Let r = 34 + i. Calculate the remainder when r is divided by (-18)/(-63) - (-192)/14.
12
Suppose -2*l + 140 = 2*l. What is the remainder when 137 is divided by l?
32
Let u(d) = -d**3 + 3*d - 2. Let m be u(-3). Calculate the remainder when (55/4)/(4/m) is divided by 28.
27
Suppose -6*z + 4*k = -2*z - 100, 25 = -5*k. What is the remainder when 59 is divided by z?
19
Let n(d) = 2*d**2 + d + 3. Let w(p) = -p**2 - 7*p - 3. Let i be w(-6). Calculate the remainder when n(i) is divided by 13.
11
Calculate the remainder when (-272)/(-28) - (-4)/14 is divided by 4.
2
Let f(h) be the third derivative of -5*h**4/24 + h**2. Let u(p) = p**2 + 15*p + 5. Let l be u(-14). What is the remainder when f(l) is divided by 12?
9
Let j = 3 - 1. Let o(a) = a**2 - 2*a - 5. Let w be o(4). Suppose 0 = 4*z + 3*r - 41, 4*z = j*r - w*r + 43. Calculate the remainder when 20 is divided by z.
9
What is the remainder when (-8371)/(-121) + 2/(-11) is divided by 18?
15
Let i(o) = o**2 + 2*o + 7. Suppose 8 = -3*g - 4. Let c(a) = -6*a + 4. What is the remainder when c(g) is divided by i(-3)?
8
Suppose d = 2*d - 12. Let c = d + -7. Suppose c*a - 5*s - 70 = 0, -s - 6 = 4*a - 52. Calculate the remainder when 35 is divided by a.
11
Let w = 25 - 9. Suppose -v = -2*y - 1, -3*y = 3*v - 2*v - w. What is the remainder when 11 is divided by 7*1/(v/6)?
5
Suppose 4*d = -4*u - 68, 0*d = 3*u + 2*d + 46. Let m = u - -34. What is the remainder when m is divided by 6?
4
Suppose -2*x + 5*t = -0*x + 10, -2 = -4*x - t. Suppose -d = -5*z - x*d - 54, 14 = -z - 3*d. What is the remainder when 32 is divided by z*(-1 + 2 + -2)?
10
Suppose -4*m = -4*i - 192, -190 = 3*i + 4*m - 32. Let n = i - -96. What is the remainder when n is divided by 16?
14
Let a = -22 + 38. Suppose 4*u - 2*f - a = 2*f, 2*f = 5*u - 35. Let c = 64 - 39. What is the remainder when c is divided by u?
7
Let q(r) = r**3 + 5*r**2 - 5*r + 6. Let n be q(-6). Suppose n*s = -4*s + 104. What is the remainder when 77 is divided by s?
25
Let d(u) = 20*u + 7. Let x be d(3). Let j = x + -37. Calculate the remainder when j is divided by 16.
14
Let q(x) = x**2 + x - 12. Let p = 43 - 8. Calculate the remainder when p is divided by q(-6).
17
Let f(r) = -13*r - 20. Let p be f(-4). Let l be (1/2)/(2/(-68)). Let i = l + p. What is the remainder when 43 is divided by i?
13
Calculate the remainder when 5/((17/765)/(2/6)) is divided by 197/5 - (-4)/(-10).
36
Suppose -4*g - o + 6*o + 77 = 0, -3*g + 5*o + 64 = 0. Calculate the remainder when 114 is divided by g.
10
Let z = 164 - 107. Suppose 6*h = 3*h + z. Calculate the remainder when h is divided by 7.
5
Let h = -4 + 6. Suppose 0 = b + h*b. Suppose b = -5*u + 80 + 95. What is the remainder when u is divided by 18?
17
Let p(u) = -2*u**2 + 9*u**2 + 3*u + u**3 + 2*u. Let c(k) = k**3 - 2*k - 2. Let b be c(-2). Calculate the remainder when 22 is divided by p(b).
4
Suppose -5*t - 4*h + 157 = 0, -5*t = 3*h - 170 + 16. What is the remainder when 104 is divided by t?
17
Let q(m) = m**2 + m + 17. Let h be 2*3 + 1*-2. Suppose h*k - 45 = -k. Calculate the remainder when q(0) is divided by k.
8
Let m(y) = -y**3 + y**2 - y + 110. Calculate the remainder when m(0) is divided by 14.
12
Let r = -7 - -18. Calculate the remainder when 17 is divided by r.
6
Let f be (-5)/(-15) - 2/6. Suppose -5*c - t = 2*t - 106, f = -c + 2*t + 29. Calculate the remainder when 90 is divided by c.
21
Suppose 0 = 2*a - x - 20, -2*a - 3*x = 2*x - 44. What is the remainder when a is divided by 5?
2
Suppose -10*r + 9*r = -7. Calculate the remainder when 13 is divided by r.
6
Suppose 5*f = -2*h + 214, -f + 5*h + 69 = 10. Calculate the remainder when f is divided by (10 - -4)*1 - -1.
14
Suppose -w + 2*t = -7, 3*w = -t - 4*t - 12. Calculate the remainder when 14 is divided by -2 + -1 + w + 10.
6
Let f = -62 + 72. Calculate the remainder when 19 is divided by f.
9
Suppose -l = -2*l + 68. Suppose 3*a + a = -4*o + l, o - 4*a = 37. Suppose -3*k - 3 + 36 = 0. Calculate the remainder when o is divided by k.
10
Let m(n) = -6*n + 1. Calculate the remainder when m(-6) is divided by 8.
5
Let g = -41 - -71. Calculate the remainder when g is divided by 8.
6
Let j = 20 - 15. Calculate the remainder when 13 is divided by j.
3
Let r = 3 - 2. Let d = r - 1. Let i = d - -8. What is the remainder when 23 is divided by i?
7
Let y = -7 + 35. Calculate the remainder when 166 is divided by y.
26
Suppose -5*a + 20 = 0, 3*l - a = -0*a + 41. What is the remainder when 99 is divided by l?
9
Let d = 25 + -89. Let c = d - -117. What is the remainder when c is divided by 18?
17
Suppose -4*r + 8 = -3*r. What is the remainder when 15 is divided by r?
7
Let h = 2 - -8. Suppose 5*o = h, -3*w + 2*w + 3*o = -7. What is the remainder when 1*-1 + 19*2 is divided by w?
11
Suppose 18 = g - 50. What is the remainder when g is divided by 18?
14
Suppose -5*h - 5 - 7 = -z, -89 = -5*z - 4*h. What is the remainder when 66 is divided by z?
15
What is the remainder when -1*(-5 - 132) + -4 is divided by 27?
25
Calculate the remainder when -4 + 2 - 1 - -86 is divided by 43.
40
Suppose 4*h - 4*c = 108, 8*h + 5*c = 3*h + 155. What is the remainder when h is divided by 10?
9
Let g = 4 - 4. Let n = g - -4. What is the remainder when 9*n*(-2)/(-12) is divided by 4?
2
Let c = 6 - 4. Let f = 3 + c. Suppose 44 = 3*r + z, -3*z = -2*r - f + 49. Calculate the remainder when r is divided by 6.
4
Suppose -245 - 178 = -3*h. Suppose h = -f + 4*f. What is the remainder when f is divided by 12?
11
Suppose -14 - 43 = -3*y. What is the remainder when 36 is divided by y?
17
Calculate the remainder when (-6)/(-10)*(5 + 10) is divided by 6.
3
Let x = -48 + 93. What is the remainder when x is divided by 16?
13
Suppose 0 = 5*b + 5, -113 + 10 = 3*i + 4*b. Let c = -22 - i. Suppose -4*f = -45 - 35. Calculate the remainder when f is divided by c.
9
Let d be 1/((-36)/(-33) - 1). Calculate the remainder when 31 is divided by d/((-4 + 2)/(-2)).
9
Let r = -2 + 6. Calculate the remainder when (r/(-6))/((-6)/207) is divided by 12.
11
Suppose -a = -6*a + 155. Suppose -3*m - 45 = -4*i, -3*i + 5*m + 0*m = -a. Let f(y) = -y + 2. What is the r